 x(w) = w**2 + 3*w + 1. Give x(g).
-1
Let i(t) = -2*t - 1. Let r be i(-6). Let f = -8 + r. Let d(z) = -4*z + 1 - 4 + z**2 + z. Give d(f).
-3
Let t(s) = 11*s + 1. Let i(q) = -q**3 + 3*q**2 + 1. Let u be i(3). Give t(u).
12
Let x(r) = -r**3 + 2*r**2 - r. Suppose 3*v + 0 = 6. Let p be v - ((6 - 4) + -1). Calculate x(p).
0
Let a(w) = w**2 - 4*w + 3. Let p be (3 - (1 + -1))/(-5 + 6). Give a(p).
0
Suppose 0 = 5*r - 19 - 1. Suppose -2*l + 14 = -4*i, -3*i + 6 = -r*i + 3*l. Let d(t) be the second derivative of t**4/12 - t**3/6 - t**2/2 + 3*t. Determine d(i).
11
Suppose -3*k - 6 = -3*q, -42 = -5*q - k - 2*k. Let i(l) be the third derivative of -l**6/120 + l**5/10 + l**4/24 - 4*l**3/3 - 2*l**2. Determine i(q).
-2
Let v(f) = -f**3 - f**2 + f - 1. Let z(n) = -3*n**3 + 6*n**2 + 11*n - 11. Let p(g) = 4*v(g) - z(g). Determine p(-9).
-11
Let z(k) = -3*k - 1. Let p(c) = -5*c - 2. Let f(a) = -5*p(a) + 8*z(a). Calculate f(2).
4
Let t(r) = r**3 + 5*r**2 + 3*r + 1. Let k = 2 - 4. Let j be -5 - -5 - (0 - k). Calculate t(j).
7
Suppose k - 2*k = -12. Let x(a) = 4*a + k*a**2 - 11*a**2 - 3 - 4. Suppose 4*d + 0*h - 2*h = -30, -5*d = -4*h + 45. Give x(d).
-2
Let m(i) be the first derivative of -i**3/3 + 3*i**2/2 - 3*i - 4. Let k(q) = q + 9. Let z be k(-7). Give m(z).
-1
Let u(h) = -h**2 - 4. Let z be 18/(-8) + (-3)/(-12). Suppose 2*n + n - 6 = 0. Let x be (n/1 + z)/(-2). Give u(x).
-4
Let a(w) = w**3 - w**2 + w. Suppose 4*q + 0*q - 2*y = -14, 4*y = -q - 17. Let t = q + 9. Suppose -5*o + 1 + t = 0. Calculate a(o).
1
Let s(q) be the second derivative of q**6/60 - q**5/120 + 3*q**3/2 + 2*q. Let v(w) be the second derivative of s(w). Calculate v(-1).
7
Let b(m) be the third derivative of -m**6/20 - m**4/24 + m**3/6 - 2*m**2. Let k be (1 + 2)*4/12. Calculate b(k).
-6
Let a = 0 + 0. Let t(q) = -5*q**2 + 2*q**2 + 2*q**2 - 3 - q**3. Calculate t(a).
-3
Let a(w) = w**3 - 3*w**2 - 2. Let k(y) = y**2 - 5*y + 3. Let m(o) = -o + 1. Let d(s) = -k(s) - 5*m(s). Let z be d(8). Let n = 10 - z. Give a(n).
-6
Let m(g) be the second derivative of g**5/10 - g**4/6 - g**2 - 46*g. What is m(2)?
6
Let b = -6 - -10. Let m(w) be the second derivative of -w**7/2520 + w**6/120 - w**5/40 + w**4/3 + 4*w. Let y(k) be the third derivative of m(k). What is y(b)?
5
Let f(y) = y**2 - 8*y + 10. Let a be f(8). Suppose -4*b + a = -2. Suppose -5*d = 5*k + 25, 3*d + 18 = -2*k + b. Let i(p) = -p + 4. Give i(k).
4
Let b be 18/(-8) - (-4)/16. Let i(r) be the second derivative of -r**3/6 + r**2 - 7*r. Determine i(b).
4
Let c(h) = 3*h + 4. Suppose -k - 5*t = 4, 0 = -4*k - t + 2 + 1. Let s be (2/4)/(k/6). Suppose 0*u + 12 = -s*u. Calculate c(u).
-8
Let r(v) = -v**3 + 4*v**2 + 2*v - 3. Suppose -2*h + 12 + 8 = 3*n, 0 = 4*h - 16. Let q be r(n). Let b(m) = m**3 - 6*m**2 + 8*m - 5. Determine b(q).
10
Let w = -4 + 1. Let x(b) be the first derivative of -3 - 3/2*b**2 - 3*b. Calculate x(w).
6
Let r be (-1)/1 + (-1 - -1). Let h(z) = -3*z + 1 + z + 4*z. What is h(r)?
-1
Suppose 0 = 3*l + 3*h - 2 - 19, l - 2*h = 7. Let z(c) = c - 2. What is z(l)?
5
Let j(l) = -3*l**2 + l - 2. Suppose 7 = 3*x + 1. Give j(x).
-12
Let k(t) = t**3 - 5*t**2 - 1. Let v be k(5). Let s(d) = 3*d. Give s(v).
-3
Let q(a) = -a - 2. Let v be q(-3). Let s = 1 + v. Suppose -j - s - 1 = 0. Let c(n) = -n**3 - 3*n**2 - n + 2. Give c(j).
5
Let d(m) = -m**2 + m - 23. Suppose -3*h = 2*h - h. Determine d(h).
-23
Let b(r) = -11*r - 1. Let z(q) = -32*q - 3. Let o(c) = -17*b(c) + 6*z(c). Suppose 13 = 5*g - v, -4*g + 4 = -5*v + 2. Let t be (-6)/4 + g/(-6). What is o(t)?
9
Let d(n) = 7*n**3 + 5*n**2 - 2*n. Let o(c) = -4*c**3 - 2*c**2 + c. Let m(j) = 3*d(j) + 5*o(j). What is m(-4)?
20
Let h(n) = -n**3 + 7*n**2 + 6*n + 3. Suppose 0 = 3*w + 3*p - 56 + 23, 2*w - 3*p = 7. Give h(w).
-13
Let s(l) be the second derivative of -l**6/360 + l**5/120 - 2*l**4/3 - 6*l. Let o(i) be the third derivative of s(i). What is o(1)?
-1
Let m(s) = 3*s + 3*s - 3*s**2 + 1 + 2*s**2. Calculate m(7).
-6
Let g(o) = o**2 - 8*o + 10. Let q = -23 + 23. Let s be 1/2*(14 + q). Calculate g(s).
3
Suppose 4*s = -4*l + 32, -2*l - 3 - 2 = -5*s. Let p(k) = 3*k**2 - k**2 + k**3 - 3*k**3 - 1 - k**s. Let r = -1 + 2. Give p(r).
-2
Let u(o) be the third derivative of o**2 + 1/6*o**3 + 0 - 1/120*o**5 + 0*o + 1/8*o**4. Let q(c) be the first derivative of u(c). Calculate q(3).
0
Let m(v) be the second derivative of 2*v**3/3 - 4*v. Give m(-1).
-4
Let y = -25 + -7. Let s be ((-3)/4)/(4/y). Let t(z) = -z**3 + 7*z**2 - 5*z - 5. What is t(s)?
1
Let f = 0 + 1. Let u(y) = -1 - 11*y + 3*y + 2*y. Calculate u(f).
-7
Let w = 40 + -35. Let p(v) = v**2 - 6*v + 1. What is p(w)?
-4
Let p(j) = -78*j + 82*j + 3*j**3 - 2*j**2 + 1 - 6 - 4*j**3. Determine p(-4).
11
Let m = 36 + -38. Let h(w) = -3*w**3 - w**2 + w. Calculate h(m).
18
Let o(m) be the first derivative of 4*m**3/3 - 3*m**2/2 + 3*m - 24. Determine o(2).
13
Let f(u) = -u - 1. Let l = 19 - 13. Let a(r) = 4*r - 1. Let s(g) = l*f(g) + a(g). Suppose t + 20 = -3*t. Determine s(t).
3
Let s(b) be the second derivative of b**5/20 + b**4/4 + b**3/3 - 2*b**2 + 36*b. Give s(-3).
-10
Let p(o) = o**2 - 2*o - 1. Suppose -4*g + 15 = 3. Let k be g/(-6) - 9/(-2). Suppose 2*n = -3*t + 15, n - 5*t + k + 8 = 0. What is p(n)?
2
Let m(j) be the third derivative of j**2 + 1/120*j**6 + 0*j - 1/2*j**3 + 0*j**4 + 0 - 1/20*j**5. Let a be (-2)/(-2) - (1 + -3). Calculate m(a).
-3
Let s(y) = y - 6 + 1 - 6. Let q be s(7). Let m(l) = 4*l - 4*l + 2*l + 6. Determine m(q).
-2
Suppose b + 4*w = -b - 6, 4*b + 2 = -3*w. Let l(y) = -y + 13*y**2 + 2 - y**3 - 9*y**2 - b. What is l(3)?
7
Let c(u) = 9*u + 7*u - 1 + 3 - 15*u. Calculate c(-5).
-3
Let l(z) = -3*z**3 - 5*z**2 + 2*z - 3. Let a(m) = m**2 - 10*m + 7. Let c be a(9). Let w(s) = -3*s**3 - 4*s**2 + s - 2. Let v(t) = c*l(t) + 3*w(t). Give v(-1).
2
Let c(m) be the second derivative of -3/2*m**2 - m + 0 + 1/6*m**3 - 1/3*m**4 - 1/20*m**5. Let x be 7/(26 - 5)*(-13 + 1). Determine c(x).
-7
Let y = -140 - -149. Let r(s) = s**3 - 8*s**2 - 10*s + 7. What is r(y)?
-2
Suppose -1 - 1 = 2*s, -n = 5*s + 7. Let r(i) = -2*i - 12. Let x be r(-8). Let k(a) = -5*a + 4*a - 1 + x*a + a**2. Calculate k(n).
-3
Suppose 7*x - 4 = 3*x. Let k(r) be the first derivative of 1 + 0*r + 5/2*r**2. What is k(x)?
5
Let c(s) = -2*s**2 + 5*s - 4. Let t(h) = -h**3 - 9*h**2 + 9*h - 7. Let x be t(-10). What is c(x)?
-7
Suppose -3*n - 11 - 4 = 0. Let b(w) be the third derivative of w**6/120 + w**5/15 - w**4/4 - 14*w**2. Give b(n).
5
Suppose 0 = 3*u + 4*a + 5, -3*u - 2*u = -5*a - 15. Let j(d) = -5*d**2 - 2*d + 1. Give j(u).
-6
Let g(r) be the first derivative of -r**4/4 - 2*r**3/3 + r**2 + r + 2. Let q(o) = -2*o. Let v = -3 + 4. Let l be q(v). What is g(l)?
-3
Let n(g) = g**3 + 7*g**2 + 5*g + 9. Let i be -4 + (2 - 4) + 0. Give n(i).
15
Let i(w) = w**3 - 8*w**2 + 7*w + 1. Suppose -3*u = 4*x - 1 - 0, 0 = -u + x + 12. What is i(u)?
1
Let f(k) = k**2 + 3*k + 2. Suppose c - 6*c = -5, 3 = h + c. Suppose 0*b + 2*b + 12 = 0. Let o = b + h. Calculate f(o).
6
Let t = 5 - 4. Let z be (-2 + t)*0/2. Suppose z = -2*c + 4*n + 12, 5*n + 1 = 5*c - 9. Let w(f) = -2*f**3 - 3*f**2 - 4*f - 3. Calculate w(c).
9
Let l(n) be the second derivative of n**2 + 1/12*n**4 + 0 - 1/2*n**3 - 4*n. Give l(4).
6
Let n be 2/4 + 8/16. Let r(x) = -n - 2*x - 2*x + 4*x - x. Let p(a) = -a**2 + 4. Let d(y) = p(y) + 4*r(y). What is d(-4)?
0
Let c(t) = t**3 + t**2 - 2*t - 1. Let n(r) = -r - 5. Let u be n(7). Let a = -13 - u. What is c(a)?
1
Let g be 8/(-12) - (64/12 + -1). Let f(q) = 0*q + 2*q - q + 2. Determine f(g).
-3
Let h(f) = 3*f + 4. Let t(m) = -3*m + 35. Let y be t(13). Give h(y).
-8
Let f(y) = -y + 1. Let z(g) be the second derivative of g**5/4 - g**4/6 + g**3/6 + g. Let a be z(1). Suppose 3*x + a = 16. What is f(x)?
-3
Let g be -1 - 2*(-2)/(-4). Let d(v) be the second derivative of v**6/120 + v**5/60 + v**4/24 - v**3/2 - v. Let j(b) be the second derivative of d(b). Give j(g).
9
Let b(j) = j**3 - 5*j**2 - 7*j - 6. Let t = -2 + 8. Determine b(t).
-12
Let b = 12 - 7. Suppose -5*n - 3*h = -27, 2*n - 5*n = -b*h + 11. Let y(v) = 5*v - 4. Give y(n).
11
Let o = 8 + -4. Let j(l) be the first derivative of 3 - 4*l - 1/3*l**3 + 3*l**2. Give j(o).
4
Let j(a) = -11*a**3 + 2*a**2 - a**2 + 7*a**3. Give j(-1).
5
Let v(s) = 4*s**2 + 9*s - 4. Let p(k) =